30). Let w = c - 4. Let y = -1316 - -1366. Calculate the remainder when w is divided by y.
45
Let v(d) = d**3 - 3*d**2 - 3*d - 5. Let s be v(4). Let u = s - -13. Suppose u = z - 0. What is the remainder when 250 is divided by z?
10
Let q(g) = -1 - 2 + 3 - 7*g + 1. Let n be q(1). Calculate the remainder when 126 is divided by 244/8 + n/(-4).
30
Let r = 19860 + -18761. What is the remainder when r is divided by 45?
19
Let p(s) = s**3 - 6*s**2 - 17*s + 11. Let j be p(8). What is the remainder when 18/6 + j + 112 is divided by 41?
36
What is the remainder when 5354 is divided by (-50)/175*-7 + 112?
110
Let n(w) = 6*w**2 + 4*w + 1. Let p be 0 + 14/4*(-8)/14. Calculate the remainder when 152 is divided by n(p).
16
Let s = -7762 - -7992. What is the remainder when 326 is divided by s?
96
Suppose -s + 4*k = -41, -7*s + 110 = -3*s + 2*k. Calculate the remainder when s is divided by 351/((-594)/22) - -16.
2
Suppose -3 - 58 = -61*x. Suppose u = -4 + x, 3*u = -4*s + 223. Calculate the remainder when 179 is divided by s.
5
Suppose -810 = 6*x - 2*x + 5*a, -5*x = -4*a + 992. Let t = -119 - x. What is the remainder when t is divided by 17?
13
Let d be (3 - 6) + (-18)/(-3). Suppose 3*p = 3*t, -t - 4*p + d = 18. Calculate the remainder when 48 is divided by (34/(-4))/(10/4 + t).
14
Suppose 0 = 5*v - 6*n - 4005, 3*n = v - 463 - 338. Calculate the remainder when v is divided by 398.
5
Let q(i) = -i**2 + 28*i + 373. Calculate the remainder when q(30) is divided by 25.
13
Let f(p) = p**3 + 20*p**2 + 53*p + 1072. What is the remainder when 2898 is divided by f(-20)?
6
Suppose 5*z = -0*r + 2*r - 171, 5*r + 115 = -3*z. Let h = 73 + z. Let i(y) = -y + 4. What is the remainder when h is divided by i(-6)?
8
Let u = 137 + -84. Calculate the remainder when u is divided by -6*(-4 - (-7 - -6)).
17
Suppose 4*r = 62 + 30. Suppose 5*l + r - 43 = 0. Calculate the remainder when 39 is divided by l.
3
Let d(o) = 309*o**2 + 79*o - 81. What is the remainder when 838 is divided by d(1)?
224
Suppose 566*z - 543*z = 2208. What is the remainder when 3644 is divided by z?
92
Let s = -5064 - -5743. Calculate the remainder when s is divided by 22.
19
Suppose 9*n + 2*o - 5 = 8*n, 5*n = -2*o - 7. Let x(p) = -61*p + 38. What is the remainder when x(n) is divided by 14?
11
Let x = -25792 + 26321. Calculate the remainder when x is divided by 265.
264
Let j = 222 - 217. Suppose -280 = -j*s - 2*g, -257 = -4*s - 0*g + 5*g. Calculate the remainder when s is divided by 21.
16
Let v(i) = 11*i + 237. Let d(n) = -n - 4. Let x(c) = -2*d(c) - v(c). What is the remainder when x(-28) is divided by (-1)/(1/(-2))*4?
7
Let c be 0*((-27)/(-6) - 5). Suppose c = 29*b - 1975 + 786. What is the remainder when b is divided by 36?
5
Suppose -i - 2*m = 2*i - 228, 0 = 2*i - 2*m - 162. Suppose -2*s - s = -i. Suppose x = -4*x + 45. Calculate the remainder when s is divided by x.
8
Let k = 9217 + -1390. What is the remainder when k is divided by 21?
15
Let v be (-1)/2*4 + (6 - -29). Let m = 55 + -29. What is the remainder when v*21*(-2)/(-18) is divided by m?
25
Let a(g) = 17*g + 46 - 16*g + 13*g + 0*g - 4. Calculate the remainder when 96 is divided by a(1).
40
Let c(b) = 3*b**2 - 398*b + 1425. What is the remainder when 1 + -1 + (2 - -36) is divided by c(129)?
2
Suppose 0 = -4*i + 4*k + 340, -6*i = -5*i + 4*k - 100. Calculate the remainder when 521 is divided by i.
81
Let f = -5000 + 5095. Let t = -2 - -14. What is the remainder when f is divided by t?
11
Suppose 0 = -3*h - 4*z + 2112, -12*h + 10*h + 4*z = -1368. Calculate the remainder when h is divided by 6.
0
Suppose 15*g = -36 - 24. What is the remainder when (-194)/4*(g + -2) is divided by 42?
39
Let m(k) = 9*k**2 - 48*k - 3. Let b be m(6). Suppose -b = -f - 4*j - j, 33 = 2*f - j. What is the remainder when 135 is divided by f?
9
Suppose 244 = l - 3*i, -3*i - 42 + 48 = 0. What is the remainder when 501 is divided by l?
1
Let b = -402 - -841. Let y = -373 + b. Calculate the remainder when y is divided by 27.
12
Let a(v) = -v**2 - 8*v + 29. Let j be a(-11). What is the remainder when 113 is divided by (-10)/(-9 - j) + 44?
21
Let u = -217 - -219. What is the remainder when (3 - u)*(-95)/(-5) is divided by 1/(-3)*(-30)/2?
4
Suppose 2*o - 18 = 4*k, 4*k - 11 - 13 = -4*o. Suppose -676 = -o*x - 6*x. Calculate the remainder when 204 is divided by x.
48
Let u(w) = -w**3 - 10*w**2 + 9*w + 1. Let c = 43 - 41. Suppose -c*n + 4*n = b - 17, 3*b = 5*n + 40. Calculate the remainder when 114 is divided by u(n).
22
Let l(r) = -r + 3. Let f be l(0). Suppose -f*d = -21 - 138. What is the remainder when d is divided by 9*(1 + -2) - (57 + -93)?
26
Let q(h) = 11*h - h**2 + 6 - 11*h - 9*h. What is the remainder when 58 is divided by q(-7)?
18
Suppose -1 = -3*q + 14. Suppose -q*l + 35 = 10. Suppose 5*m - 3*b - 81 = 0, -3*m - m - l*b = -50. What is the remainder when 117 is divided by m?
12
Calculate the remainder when 440 is divided by -11 + 454 + (-7 - -2).
2
Suppose -k + y + 94 + 294 = 0, 4*k - 1567 = y. Calculate the remainder when 1442 is divided by k.
263
Let f be (-46)/84*-14 + 2/6. Let j(i) = 4*i - 39. Let v(n) = -13*n + 118. Let a(y) = -7*j(y) - 2*v(y). What is the remainder when a(f) is divided by 11?
10
Suppose -3*c = 5*u - 11525, -27*c + 6886 = 3*u - 31*c. Calculate the remainder when u is divided by 7.
6
Let q(l) = l**2 + 20*l + 70. Let u be q(-16). Let a(o) = 15*o - 79. Calculate the remainder when a(u) is divided by 4.
3
Let y(t) = 6*t**3 + t**2 - 2*t + 3. Let q be y(4). Suppose 62 = 11*l - 26. Suppose q = l*v - 3*v. Calculate the remainder when v is divided by 28.
23
Suppose 0 = -3*i - 113*k + 109*k + 419, 4*i + 5*k - 560 = 0. Calculate the remainder when 1884 is divided by i.
144
Let a = 2477 + -1553. Calculate the remainder when 941 is divided by a.
17
Suppose 6770*q - 6733*q - 1480 = 0. Calculate the remainder when q is divided by -1 + 2 + 2 + 2.
0
Calculate the remainder when (-380)/(-1)*(-21)/(3255/(-1798)) is divided by 11.
8
Suppose -3*q + 87 = -p - p, 0 = 3*p - 3*q + 138. Let u be (121 + -3 + 0/1)/(-2). Let h = p - u. What is the remainder when h is divided by 4?
0
Suppose -3*v = o - 33, v - o - 11 = -0*v. Suppose -280 = 4*a - v*a. Calculate the remainder when a is divided by 11.
7
What is the remainder when 3303 is divided by (150/9 - 19)/(1/(-15))?
13
Suppose 0 = i + 5*q - 4, 10*i - q - 74 = 8*i. Suppose 0*u = -u + 7. What is the remainder when i is divided by u?
6
Let u(n) = -n + 69. What is the remainder when 148 is divided by u(18)?
46
Let i(n) = -1393*n - 6910. What is the remainder when 2138 is divided by i(-5)?
48
Suppose -9*t = -8*t + 3*u - 62, -4*t + 5*u = -282. What is the remainder when 648 is divided by t?
36
Suppose 3*g = -5*q - 2, 4*g - 4 = -5*q - 0. Suppose 7*l - 15 = g*l. What is the remainder when -1 + ((-9)/9)/((-3)/72) is divided by l?
8
Suppose 6*p - 50 = -56. Let a(x) = 96*x**2 + 2*x + 3. Calculate the remainder when a(p) is divided by 7.
6
Suppose 0*a = a + 1. Suppose -r = -720 + 651. Calculate the remainder when r is divided by (-8 + 3)/a*2.
9
Let v(a) = -104*a + 88. Suppose -11*n + 189 = -32*n. Calculate the remainder when v(n) is divided by 57.
55
Let t be (-216)/(-1152) + (-1261)/(-16). Suppose -5*o + 0*o = -525. Let q = o - t. Calculate the remainder when 99 is divided by q.
21
Calculate the remainder when 718 is divided by -42*(3/12)/(6/(-16)).
18
Let r be 5*(1 - (-2 + 2)). Suppose -r*j + 7*x = 2*x - 215, 4*x = j - 40. Calculate the remainder when j is divided by 15.
14
Let n(g) = -g**3 - g**2 + 2*g + 3. Suppose -62 - 8 = 2*m. Let q = m - -32. Calculate the remainder when n(q) is divided by 9.
6
Suppose 5 + 35 = 5*b. Let k = 12 + b. Suppose k + 82 = 2*n. Calculate the remainder when n is divided by 13.
12
What is the remainder when 5381 is divided by 68 + 1*5/(50/10)?
68
Suppose -3*h - 1138 = -5*z, -3*z + 2*h + 300 = -382. Calculate the remainder when z is divided by 46.
0
Let b be ((-13)/5 - -2)*-50. Let k = b - 34. What is the remainder when (-142)/(k/1 - -2) is divided by 38?
33
Let f(z) = -z**2 + 8*z + 13. Let p be f(9). Suppose 2*j + p*t = 54, -4*j + 6*j - 52 = -2*t. What is the remainder when 67 is divided by j?
17
Let q(y) = -41*y - 297. Calculate the remainder when q(-14) is divided by 125.
27
Suppose -2*k + 154 = -4*c, -1444*